Suppose 4*x + a = 32. Suppose -84 = -x*l + 41. List the prime factors of l.
5
List the prime factors of 662 - (0 - ((-6 - -4) + 2)).
2, 331
Let h be (-8)/(-4)*43/2. Suppose 4*y - h = 29. List the prime factors of y.
2, 3
Let f(r) = -r**3 - 14*r**2 - 8*r + 32. Let m be f(-15). Suppose -5*w = 4*j - m - 35, 0 = -3*w + 5*j + 262. What are the prime factors of w?
2, 3, 7
Suppose 0 = x - 5*a + 10*a - 177, -483 = -3*x + a. What are the prime factors of x?
2, 3
Suppose 2*m - 3 - 5 = 0, -5*r - 5*m = -5395. List the prime factors of r.
5, 43
Suppose -7*a + 1675 = -2*a. List the prime factors of a.
5, 67
What are the prime factors of 1 - -3 - 1 - -179?
2, 7, 13
Let o(u) = 14*u - 94. List the prime factors of o(33).
2, 23
Suppose -5*t + 2*d + 0*d = -26, 20 = 4*t - 2*d. Let q = t + -3. Suppose q*f - 17 = -2. List the prime factors of f.
5
Suppose -489 = -7*s + 631. Suppose -s - 44 = -4*b. List the prime factors of b.
3, 17
Let x(y) = y**3 - 12*y**2 - 11*y - 24. Let u be x(13). Suppose -u*m = -2*v - 2*v + 138, 0 = 2*v - 4*m - 72. What are the prime factors of v?
2, 17
Let j = 27 + -23. Suppose -3*g + 241 = j*d, -3*d + 4*g + 171 = 3*g. List the prime factors of d.
2, 29
Let t = -153 + 226. Suppose 158 = 5*q + t. What are the prime factors of q?
17
Suppose 46*a - 36*a = 5690. List the prime factors of a.
569
Let a = 71 - 67. Suppose 0 = 5*c - a*k - 1025, 3*c = k - 0*k + 608. What are the prime factors of c?
3, 67
Suppose -2*b + 50 = 3*b. Let q be (16/b)/((-16)/(-920)). Suppose -s = -5*s + q. What are the prime factors of s?
23
Let f = 191 + -82. Suppose -f = -6*i + 437. List the prime factors of i.
7, 13
Let s = 15 - 9. Let i = 5 - s. Let x(k) = 28*k**2 - k - 1. List the prime factors of x(i).
2, 7
Suppose 0 = 2*o - 0*o + 2. List the prime factors of (63 + o)/1 + -2.
2, 3, 5
Suppose 4*b = p + 9, -3*p + 2*b + 6 = p. Suppose 0 = -2*t - 3*t + 25, 5*t = -2*u + 81. Suppose -u = -p*v - 4. List the prime factors of v.
2
Let f = -12 + 14. Suppose -f*y + 7*y = 820. What are the prime factors of (-1)/(-3) - y/(-3)?
5, 11
Suppose 5*h = w + w + 3948, 5*h - 3*w = 3947. What are the prime factors of h?
2, 5, 79
Let l(v) = v**3 + 11*v**2 - 33*v - 20. List the prime factors of l(-13).
71
List the prime factors of 2 + 0 + 6 + 604/1.
2, 3, 17
Suppose 5*k - 2*k = 0. Let b be 1*(-4 + k) - -14. Suppose -b*l = -13*l + 192. List the prime factors of l.
2
Let l(v) = v**2 + 21*v + 66. What are the prime factors of l(20)?
2, 443
Let d = -64 - -68. Suppose -d*s + 310 = -p - p, 0 = s - 3*p - 70. List the prime factors of s.
79
Suppose -k = 2*k - 105. Suppose 7 = 3*j - k. Suppose -j*b = -10*b - 32. What are the prime factors of b?
2
Let z(i) = 8*i**3 - 4*i**2 + 9*i - 9. What are the prime factors of z(4)?
5, 19
Let q(n) = -3*n**3 - 3*n - 75. Let y(s) = 2*s**3 + 2*s + 37. Let w(p) = -3*q(p) - 5*y(p). What are the prime factors of w(0)?
2, 5
Suppose 9*l - 47 = 61. Let h = 1 + -1. What are the prime factors of ((-39)/l + h)*-8?
2, 13
Let j(d) = d**2 - 2*d. Let h be j(-3). Suppose 13*t - h*t = -74. Suppose -t = -2*v + v. List the prime factors of v.
37
Let w(d) = -15*d + 1. Let j be w(1). Let b(f) = f**3 + 14*f**2 - 18*f - 6. Let m be b(j). Suppose -5*o = -m + 21. List the prime factors of o.
3, 5
Suppose -10 = 6*s + 4*s. What are the prime factors of (-51)/(-17) - s/(-1)?
2
Let y(a) = a + 2. Let c be y(-4). Let h(v) = -5*v + 3 + 11 - 5 - 6 + 1. What are the prime factors of h(c)?
2, 7
Suppose 3*n + 25 = 70. Let q = n - 6. Suppose -30 = q*o - 10*o. List the prime factors of o.
2, 3, 5
Suppose -5*h + 5126 = 17*h. List the prime factors of h.
233
Suppose -2*q - q + 5 = -n, 0 = -5*q - 5*n + 35. Suppose -3*u + 311 = 5*o, 2*o - q*o + 67 = -u. What are the prime factors of o?
2
Suppose -3*v - 2*v - f - 60 = 0, 6 = -v + f. Let d be 6/(-2)*(-25)/5. Let t = d + v. List the prime factors of t.
2
Suppose 20 = 3*r - 4*q, 0 = 5*r - 5*q - 41 + 11. Suppose 3*o - 8*p - 6 = -r*p, o = -2*p + 12. What are the prime factors of o?
2, 3
Let t be 5*4/4*(-3)/(-5). List the prime factors of t - 0 - (-162)/2 - 0.
2, 3, 7
Suppose 5*r - 304 - 291 = 0. What are the prime factors of r?
7, 17
Suppose 3*z = 10 + 2. Let d(w) = 4*w**2 - 5*w - 4. Let j be d(z). Suppose -4*i + j = -40. What are the prime factors of i?
2, 5
Suppose 4*a = -5*h + 2*h + 301, 5*h - 2*a = 467. Let j(q) = -29*q - 38. Let g be j(-3). Let l = h - g. List the prime factors of l.
2, 23
Let r be (-8 - -6)*(-22)/(-4). Let z = 1 + r. What are the prime factors of 435/25 + 4/z?
17
Let z(o) = 50*o - 160. What are the prime factors of z(22)?
2, 5, 47
Let x = 43 - 32. List the prime factors of x/(-1*3/(-6)).
2, 11
Let w be -7 + 7 + 17 + 0. Suppose -96 = -w*j + 14*j. List the prime factors of j.
2
Let k(s) = 3*s - 11. Let z = -2 + -2. Let i be (10/z)/((-2)/8). List the prime factors of k(i).
19
Suppose -5*p + 10 = 3*n, -2 = -p - 0. What are the prime factors of 63 - -2*(-2 - n)?
59
Let w(c) = c + 127. Let y be w(0). Let a = -880 + 1387. Suppose -5*h - y = -a. What are the prime factors of h?
2, 19
Let y(m) = -m**2 + 9*m + 5. Suppose z + 9 = -10. Let x = z - -28. List the prime factors of y(x).
5
Let v = -45 + 81. Let s = v + 34. List the prime factors of s.
2, 5, 7
Let f(y) = 2*y + 8. Let v be f(-4). Let a(s) = -s**3 + s**2 + s + 14. Let p be a(v). Suppose -p - 19 = -x. What are the prime factors of x?
3, 11
Let w = 257 + -18. List the prime factors of w.
239
Let k(s) = -s**2 - 14*s - 2. Let q be (-7)/(21/54)*1. Let f = 11 + q. List the prime factors of k(f).
47
Let l(w) = -3 + 2*w + 2 - 10 + 2. Let s be l(6). Suppose s*x + 4*d - 28 - 48 = 0, 0 = x - 5*d - 19. What are the prime factors of x?
2, 3
Suppose 16*d = 28*d - 12108. List the prime factors of d.
1009
Suppose -2460 = -24*q + 22068. List the prime factors of q.
2, 7, 73
Let q = 74 - -679. What are the prime factors of q?
3, 251
Let x be 3 + 0 + 2/2. Suppose -22 = 15*a - 4*a. Let g = x + a. List the prime factors of g.
2
Suppose -2*g + 1710 = 7*g. Suppose 4*n = -3*m + 319, -2*m + 3*n = -0*m - g. List the prime factors of m.
101
Suppose -3*l = -0*l + 3. Let w be 1 + l/2*-8. Suppose -w*u - 3*f = -7*f - 204, -100 = -2*u - 3*f. What are the prime factors of u?
2, 11
Suppose 0 = -s + 2*s + 8. Let o = s + 22. Suppose -3 = -n + o. What are the prime factors of n?
17
List the prime factors of (880 - -1) + (8 - 7).
2, 3, 7
Suppose -227*x = -239*x + 10956. List the prime factors of x.
11, 83
Let q = 12 - 15. Let m be -1 + q + 5/5. Let k = 38 + m. What are the prime factors of k?
5, 7
Suppose -5*k + 26*k = 6951. What are the prime factors of k?
331
Let m(q) = -9*q - 2. Let a be m(-1). Suppose -4*z - 3 + a = 0. Let g(t) = 2*t. List the prime factors of g(z).
2
Suppose 0 = 6*t + 76 - 28. Let b be (4/t)/(2/(-76)). Let s = 35 - b. What are the prime factors of s?
2
List the prime factors of (202/6)/((-15)/(-45)).
101
Suppose -883 - 593 = -6*w. List the prime factors of w.
2, 3, 41
Let x(p) be the second derivative of -p**4/12 + 5*p**3/3 + 11*p**2/2 + 17*p. List the prime factors of x(9).
2, 5
Let i(b) = 4*b - 1. Let s(w) = -4*w. Let x(c) = 7*i(c) + 6*s(c). Suppose h - 3 = -0*a - a, -5 = h. What are the prime factors of x(a)?
5
Let h(g) = 189*g - 21. What are the prime factors of h(2)?
3, 7, 17
Let a(h) = 13*h + 2. Let s be a(-1). Let w = 17 + s. Suppose -w*d - 5*c = -4*d - 39, -2*d = 4*c - 44. What are the prime factors of d?
2
Let p(a) = 20*a + 124. What are the prime factors of p(21)?
2, 17
Let z = -1301 + 2497. List the prime factors of z.
2, 13, 23
Suppose q = 2*q - 10. Let y = q - -53. What are the prime factors of y?
3, 7
What are the prime factors of ((-379)/(-3))/((-73)/(-876))?
2, 379
Let s = -62 + 68. Suppose -3*f - s = 0, f - 24 = -3*r + 31. What are the prime factors of r?
19
Let k(f) = 2*f**2 - 8*f - 5. Let t be k(5). What are the prime factors of 46 - t/(10/6)?
43
Suppose 39 = 5*o - 2*o. Suppose 4*q = 89 - o. List the prime factors of q.
19
Suppose 0 = r + 2*r - 75. Suppose -2*a = 21 - r. What are the prime factors of a?
2
Suppose 2 = 3*p - 0*l - 2*l, 0 = 5*l + 5. Suppose p = -15*y + 19*y - 464. What are the prime factors of y?
2, 29
Suppose g = 1645 + 1093. List the prime factors of g.
2, 37
List the prime factors of 3/(-6)*((-619 - 1) + -2).
311
Suppose -310 + 86 = 8*j. Let s = j + 80. List the prime